{"id":106,"date":"2019-05-03T15:46:45","date_gmt":"2019-05-03T15:46:45","guid":{"rendered":"https:\/\/agsci.colostate.edu\/dcr\/?page_id=106"},"modified":"2019-05-03T15:46:45","modified_gmt":"2019-05-03T15:46:45","slug":"sandra-rodriquez-zas","status":"publish","type":"page","link":"https:\/\/agsci.colostate.edu\/dcr\/sandra-rodriquez-zas\/","title":{"rendered":"Sandra Rodriquez-Zas"},"content":{"rendered":"\n\t<h2>Related Materials<\/h2>\n<h3><a href=\"http:\/\/ansci.illinois.edu\/directory\/rodrgzzs\" target=\"_ blank\" rel=\"noopener noreferrer\">Sandra Rodriguez-Zas<\/a>, PhD, Professor<br \/>\nCo-Project Director<br \/>\n<a href=\"http:\/\/illinois.edu\/\" target=\"_ blank\" rel=\"noopener noreferrer\">University of Illinois<\/a><\/h3>\n<h4>Manuscripts<\/h4>\nAkbar H, Cardoso FC, Meier S, Burke C, McDougall S, Mitchell M, Walker C,\u00a0<strong>Rodriguez-Zas SL<\/strong>, Everts RE, Lewin HA, Roche JR, Loor JJ.<br \/>\n<a href=\"http:\/\/www.ncbi.nlm.nih.gov\/pubmed\/24578603\" target=\"_ blank\" rel=\"noopener noreferrer\">Postpartal subclinical endometritis alters transcriptome profiles in liver and adipose tissue of dairy cows<\/a>.<br \/>\nBioinform Biol Insights. 2014 Feb 19;8:45-63. doi: 10.4137\/BBI.S13735. eCollection 2014. PubMed PMID: 24578603; PubMed Central PMCID: PMC3934763.\nLoor JJ, Everts RE, Bionaz M, Dann HM, Morin DE, Oliveira R,\u00a0<strong>Rodriguez-Zas SL<\/strong>, Drackley JK, Lewin HA.<br \/>\n<a href=\"http:\/\/www.ncbi.nlm.nih.gov\/pubmed\/17925483\" target=\"_ blank\" rel=\"noopener noreferrer\">Nutrition-induced ketosis alters metabolic and signaling gene networks in liver of periparturient dairy cows<\/a>.<br \/>\nPhysiol Genomics. 2007 Dec 19;32(1):105-16. Epub 2007 Oct 9. PubMed PMID: 17925483.\nLoor JJ, Dann HM, Guretzky NA, Everts RE, Oliveira R, Green CA, Litherland NB,\u00a0<strong>Rodriguez-Zas SL<\/strong>, Lewin HA, Drackley JK.<br \/>\n<a href=\"http:\/\/www.ncbi.nlm.nih.gov\/pubmed\/16757553\" target=\"_ balnk\" rel=\"noopener noreferrer\">Plane of nutrition prepartum alters hepatic gene expression and function in dairy cows as assessed by longitudinal transcript and metabolic profiling<\/a>.<br \/>\nPhysiol Genomics. 2006 Oct 3;27(1):29-41. Epub 2006 Jun 6. PubMed PMID: 16757553.\nLoor JJ, Dann HM, Everts RE, Oliveira R, Green CA, Guretzky NA,\u00a0<strong>Rodriguez-Zas SL<\/strong>, Lewin HA, Drackley JK.<br \/>\n<a href=\"http:\/\/www.ncbi.nlm.nih.gov\/pubmed\/16091418\" target=\"_ balnk\" rel=\"noopener noreferrer\">Temporal gene expression profiling of liver from periparturient dairy cows reveals complex adaptive mechanisms in hepatic function<\/a>.<br \/>\nPhysiol Genomics. 2005 Oct 17;23(2):217-26. Epub 2005 Aug 9. PubMed PMID: 16091418.\nBionaz M, Periasamy K,\u00a0<strong>Rodriguez-Zas SL<\/strong>, Everts RE, Lewin HA, Hurley WL, Loor JJ.<br \/>\n<a href=\"http:\/\/www.plosone.org\/article\/info%3Adoi%2F10.1371%2Fjournal.pone.0033268\" target=\"_ balnk\" rel=\"noopener noreferrer\">Old and new stories: revelations from functional analysis of the bovine mammary transcriptome during the lactation cycle<\/a>.<br \/>\nPLoS One. 2012;7(3):e33268. doi: 10.1371\/journal.pone.0033268. Epub 2012 Mar 12. PubMed PMID: 22428004; PubMed Central PMCID: PMC3299771.\nPiantoni P, Daniels KM, Everts RE,\u00a0<strong>Rodriguez-Zas SL<\/strong>, Lewin HA, Hurley WL, Akers RM, Loor JJ.<br \/>\n<a href=\"http:\/\/www.ncbi.nlm.nih.gov\/pubmed\/22541482\" target=\"_ balnk\" rel=\"noopener noreferrer\">Level of nutrient intake affects mammary gland gene expression profiles in preweaned Holstein heifers<\/a>.<br \/>\nJ Dairy Sci. 2012 May;95(5):2550-61. doi: 10.3168\/jds.2011-4539. PubMed PMID: 22541482.\nMoyes KM, Drackley JK, Morin DE,\u00a0<strong>Rodriguez-Zas SL<\/strong>, Everts RE, Lewin HA, Loor JJ.<br \/>\n<a href=\"http:\/\/www.ncbi.nlm.nih.gov\/pubmed\/20103698\" target=\"_ balnk\" rel=\"noopener noreferrer\">Mammary gene expression profiles during an intramammary challenge reveal potential mechanisms linking negative energy balance with impaired immune response<\/a>.<br \/>\nPhysiol Genomics. 2010 Apr 1;41(2):161-70. doi: 10.1152\/physiolgenomics.00197.2009. Epub 2010 Jan 26. PubMed PMID: 20103698.\n<strong>Rodriguez-Zas SL<\/strong>, Schellander K, Lewin HA.<br \/>\n<a href=\"http:\/\/www.ncbi.nlm.nih.gov\/pubmed\/18239044\" target=\"_ balnk\" rel=\"noopener noreferrer\">Biological interpretations of transcriptomic profiles in mammalian oocytes and embryos<\/a>.<br \/>\nReproduction. 2008 Feb;135(2):129-39. doi: 10.1530\/REP-07-0426. Review. PubMed PMID: 18239044.<br \/>\nRequest a copy of this atricle from the author\u00a0<a href=\"mailto:rodrgzzs@illinois.edu?subject=Biological%20interpretations%20of%20transcriptomic%20profiles%20in%20mammalian%20oocytes%20and%20embryos%0A&amp;body=Please%20send%20the%20following%20article%20article;%0A%0A'Biological%20interpretations%20of%20transcriptomic%20profiles%20in%20mammalian%20oocytes%20and%20embryos'%0A%0ADear%20Dr.%20Rodriguez-Zas,\">here<\/a>.\nAdams HA, Southey BR, Everts RE, Marjani SL, Tian CX, Lewin HA,\u00a0<strong>Rodriguez-Zas SL<\/strong>.<br \/>\n<a href=\"http:\/\/www.ncbi.nlm.nih.gov\/pubmed\/20844914\" target=\"_ balnk\" rel=\"noopener noreferrer\">Transferase activity function and system development process are critical in cattle embryo development<\/a>.<br \/>\nFunct Integr Genomics. 2011 Mar;11(1):139-50. doi: 10.1007\/s10142-010-0189-9. Epub 2010 Sep 16. PubMed PMID: 20844914; PubMed Central PMCID: PMC3053413.\nFrank MT, Park C,\u00a0<strong>Rodriguez-Zas S<\/strong>, Lewin HA.<br \/>\n<a href=\"http:\/\/www.ncbi.nlm.nih.gov\/pubmed\/11849138\" target=\"_ balnk\" rel=\"noopener noreferrer\">Homogeneity of recombination rate within a conserved region on BTA3 that contains QTL<\/a>.<br \/>\nAnim Genet. 2002 Feb;33(1):56-60. PubMed PMID: 11849138.\n<strong>Rodriguez-Zas SL<\/strong>, Southey BR, Heyen DW, Lewin HA.<br \/>\n<a href=\"http:\/\/www.ncbi.nlm.nih.gov\/pubmed\/12487475\" target=\"_ balnk\" rel=\"noopener noreferrer\">Interval and composite interval mapping of somatic cell score, yield, and components of milk in dairy cattle<\/a>.<br \/>\nJ Dairy Sci. 2002 Nov;85(11):3081-91. PubMed PMID: 12487475.<br \/>\nRequest a copy of this atricle from the author\u00a0<a href=\"mailto:rodrgzzs@illinois.edu?subject=Interval%20and%20composite%20interval%20mapping%20of%20somatic%20cell%20score,%20yield,%20and%20components%20of%20milk%20in%20dairy%20cattle%0A&amp;body=Please%20send%20the%20following%20article%20article;%0A%0A'Interval%20and%20composite%20interval%20mapping%20of%20somatic%20cell%20score,%20yield,%20and%20components%20of%20milk%20in%20dairy%20cattle'%0A%0ADear%20Dr.%20Rodriguez-Zas,\">here<\/a>.\nRetallick KM, Faulkner DB,\u00a0<strong>Rodriguez-Zas SL<\/strong>, Nkrumah JD, Shike DW.<br \/>\n<a href=\"http:\/\/www.journalofanimalscience.org\/content\/91\/11\/5161.abstract\" target=\"_ balnk\" rel=\"noopener noreferrer\">The effect of breed and individual heterosis on the feed efficiency, performance, and carcass characteristics of feedlot steers<\/a>.<br \/>\nJ Anim Sci. 2013 Nov;91(11):5161-6. doi: 10.2527\/jas.2012-6155. Epub 2013 Sep 17. PubMed PMID: 24045475.\nSmith SL, Everts RE, Sung LY, Du F, Page RL, Henderson B,\u00a0<strong>Rodriguez-Zas SL<\/strong>, Nedambale TL, Renard JP, Lewin HA, Yang X, Tian XC.<br \/>\n<a href=\"http:\/\/www.ncbi.nlm.nih.gov\/pubmed\/18449896\" target=\"_ balnk\" rel=\"noopener noreferrer\">Gene expression profiling of single bovine embryos uncovers significant effects of in vitro maturation, fertilization and culture<\/a>.<br \/>\nMol Reprod Dev. 2009 Jan;76(1):38-47. doi: 10.1002\/mrd.20927. Erratum in: Mol Reprod Dev. 2009 May;76(5):523. PubMed PMID: 18449896.\n<strong>Rodriguez-Zas SL<\/strong>, Southey BR, Heyen DW, Lewin HA.<br \/>\n<a href=\"http:\/\/www.ncbi.nlm.nih.gov\/pubmed\/12416823\" target=\"_ balnk\" rel=\"noopener noreferrer\">Detection of quantitative trait loci influencing dairy traits using a model for longitudinal data<\/a>.<br \/>\nJ Dairy Sci. 2002 Oct;85(10):2681-91. PubMed PMID: 12416823.<br \/>\nRequest a copy of this atricle from the author\u00a0<a href=\"mailto:rodrgzzs@illinois.edu?subject=Detection%20of%20quantitative%20trait%20loci%20influencing%20dairy%20traits%20using%20a%20model%20for%20longitudinal%20data%0A&amp;body=Please%20send%20the%20following%20article%20article;%0A%0A'Detection%20of%20quantitative%20trait%20loci%20influencing%20dairy%20traits%20using%20a%20model%20for%20longitudinal%20data'%0A%0ADear%20Dr.%20Rodriguez-Zas,\">here<\/a>.\nSer\u00e3o NV, Gonz\u00e1lez-Pe\u00f1a D, Beever JE, Bollero GA, Southey BR, Faulkner DB,\u00a0<strong>Rodriguez-Zas SL<\/strong>.<br \/>\n<a href=\"http:\/\/www.ncbi.nlm.nih.gov\/pubmed\/24205251\" target=\"_ balnk\" rel=\"noopener noreferrer\">Bivariate genome-wide association analysis of the growth and intake components of feed efficiency<\/a>.<br \/>\nPLoS One. 2013 Oct 29;8(10):e78530. doi: 10.1371\/journal.pone.0078530. eCollection 2013. PubMed PMID: 24205251; PubMed Central PMCID: PMC3812149.\n<strong>Rodriguez-Zas SL<\/strong>, Southey BR.<br \/>\n<a href=\"http:\/\/www.ncbi.nlm.nih.gov\/pubmed\/11793753\" target=\"_ balnk\" rel=\"noopener noreferrer\">Analysis of nucleotide sequence data using mixed model methodology<\/a>.<br \/>\nGenet Epidemiol. 2001;21 Suppl 1:S638-42. PubMed PMID: 11793753.<br \/>\nRequest a copy of this atricle from the author\u00a0<a href=\"mailto:rodrgzzs@illinois.edu?subject=Analysis%20of%20nucleotide%20sequence%20data%20using%20mixed%20model%20methodology%0A&amp;body=Please%20send%20the%20following%20article%20article;%0A%0A'Analysis%20of%20nucleotide%20sequence%20data%20using%20mixed%20model%20methodology'%0A%0ADear%20Dr.%20Rodriguez-Zas,\">here<\/a>.\nAyroles JF, Hughes KA, Rowe KC, Reedy MM,\u00a0<strong>Rodriguez-Zas SL<\/strong>, Drnevich JM,<br \/>\nC\u00e1ceres CE, Paige KN.<br \/>\n<a href=\"http:\/\/www.ncbi.nlm.nih.gov\/pubmed\/19627320\" target=\"_ balnk\" rel=\"noopener noreferrer\">A genomewide assessment of inbreeding depression: gene number, function, and mode of action<\/a>.<br \/>\nConserv Biol. 2009 Aug;23(4):920-30. doi: 10.1111\/j.1523-1739.2009.01186.x. PubMed PMID: 19627320.\n<strong>Rodriguez-Zas SL<\/strong>, Gianola D, Shook GE.<br \/>\n<a href=\"http:\/\/www.ncbi.nlm.nih.gov\/pubmed\/9812276\" target=\"_ balnk\" rel=\"noopener noreferrer\">Bayesian analysis via Gibbs sampling of susceptibility to intramammary infection in Holstein cattle<\/a>.<br \/>\nJ Dairy Sci. 1998 Oct;81(10):2710-22. PubMed PMID: 9812276.<br \/>\nRequest a copy of this atricle from the author\u00a0<a href=\"mailto:rodrgzzs@illinois.edu?subject=Bayesian%20analysis%20via%20Gibbs%20sampling%20of%20susceptibility%20to%20intramammary%20infection%20in%20Holstein%20cattle%0A&amp;body=Please%20send%20the%20following%20article%20article;%0A%0A'Bayesian%20analysis%20via%20Gibbs%20sampling%20of%20susceptibility%20to%20intramammary%20infection%20in%20Holstein%20cattle'%0A%0ADear%20Dr.%20Rodriguez-Zas,\">here<\/a>.\n<strong>Rodriguez-Zas SL<\/strong>, Gianola D, Shook GE.<br \/>\n<a href=\"http:\/\/www.ncbi.nlm.nih.gov\/pubmed\/9120098\" target=\"_ balnk\" rel=\"noopener noreferrer\">Factors affecting susceptibility to intramammary infection and mastitis: an approximate Bayesian analysis<\/a>.<br \/>\nJ Dairy Sci. 1997 Jan;80(1):75-85. PubMed PMID: 9120098.<br \/>\nRequest a copy of this atricle from the author\u00a0<a href=\"mailto:rodrgzzs@illinois.edu?subject=Factors%20affecting%20susceptibility%20to%20intramammary%20infection%20and%20mastitis:%20an%20approximate%20Bayesian%20analysis%0A&amp;body=Please%20send%20the%20following%20article%20article;%0A%0A'Factors%20affecting%20susceptibility%20to%20intramammary%20infection%20and%20mastitis:%20an%20approximate%20Bayesian%20analysis'%0A%0ADear%20Dr.%20Rodriguez-Zas,\">here<\/a>.\nBovine Genome Sequencing and Analysis Consortium, Elsik CG, Tellam RL, Worley<br \/>\nKC, Gibbs RA, Muzny DM, Weinstock GM, Adelson DL, Eichler EE, Elnitski L, Guig\u00f3<br \/>\nR, Hamernik DL, Kappes SM, Lewin HA, Lynn DJ, Nicholas FW, Reymond A, Rijnkels M,<br \/>\nSkow LC, Zdobnov EM, Schook L, Womack J, Alioto T, Antonarakis SE, Astashyn A,<br \/>\nChapple CE, Chen HC, Chrast J, C\u00e2mara F, Ermolaeva O, Henrichsen CN, Hlavina W,<br \/>\nKapustin Y, Kiryutin B, Kitts P, Kokocinski F, Landrum M, Maglott D, Pruitt K,<br \/>\nSapojnikov V, Searle SM, Solovyev V, Souvorov A, Ucla C, Wyss C, Anzola JM,<br \/>\nGerlach D, Elhaik E, Graur D, Reese JT, Edgar RC, McEwan JC, Payne GM, Raison JM,<br \/>\nJunier T, Kriventseva EV, Eyras E, Plass M, Donthu R, Larkin DM, Reecy J, Yang<br \/>\nMQ, Chen L, Cheng Z, Chitko-McKown CG, Liu GE, Matukumalli LK, Song J, Zhu B,<br \/>\nBradley DG, Brinkman FS, Lau LP, Whiteside MD, Walker A, Wheeler TT, Casey T,<br \/>\nGerman JB, Lemay DG, Maqbool NJ, Molenaar AJ, Seo S, Stothard P, Baldwin CL,<br \/>\nBaxter R, Brinkmeyer-Langford CL, Brown WC, Childers CP, Connelley T, Ellis SA,<br \/>\nFritz K, Glass EJ, Herzig CT, Iivanainen A, Lahmers KK, Bennett AK, Dickens CM,<br \/>\nGilbert JG, Hagen DE, Salih H, Aerts J, Caetano AR, Dalrymple B, Garcia JF, Gill<br \/>\nCA, Hiendleder SG, Memili E, Spurlock D, Williams JL, Alexander L, Brownstein MJ,<br \/>\nGuan L, Holt RA, Jones SJ, Marra MA, Moore R, Moore SS, Roberts A, Taniguchi M,<br \/>\nWaterman RC, Chacko J, Chandrabose MM, Cree A, Dao MD, Dinh HH, Gabisi RA, Hines<br \/>\nS, Hume J, Jhangiani SN, Joshi V, Kovar CL, Lewis LR, Liu YS, Lopez J, Morgan MB,<br \/>\nNguyen NB, Okwuonu GO, Ruiz SJ, Santibanez J, Wright RA, Buhay C, Ding Y,<br \/>\nDugan-Rocha S, Herdandez J, Holder M, Sabo A, Egan A, Goodell J, Wilczek-Boney K,<br \/>\nFowler GR, Hitchens ME, Lozado RJ, Moen C, Steffen D, Warren JT, Zhang J, Chiu R,<br \/>\nSchein JE, Durbin KJ, Havlak P, Jiang H, Liu Y, Qin X, Ren Y, Shen Y, Song H,<br \/>\nBell SN, Davis C, Johnson AJ, Lee S, Nazareth LV, Patel BM, Pu LL, Vattathil S,<br \/>\nWilliams RL Jr, Curry S, Hamilton C, Sodergren E, Wheeler DA, Barris W, Bennett<br \/>\nGL, Eggen A, Green RD, Harhay GP, Hobbs M, Jann O, Keele JW, Kent MP, Lien S,<br \/>\nMcKay SD, McWilliam S, Ratnakumar A, Schnabel RD, Smith T, Snelling WM,<br \/>\nSonstegard TS, Stone RT, Sugimoto Y, Takasuga A, Taylor JF, Van Tassell CP,<br \/>\nMacneil MD, Abatepaulo AR, Abbey CA, Ahola V, Almeida IG, Amadio AF, Anatriello<br \/>\nE, Bahadue SM, Biase FH, Boldt CR, Carroll JA, Carvalho WA, Cervelatti EP, Chacko<br \/>\nE, Chapin JE, Cheng Y, Choi J, Colley AJ, de Campos TA, De Donato M, Santos IK,<br \/>\nde Oliveira CJ, Deobald H, Devinoy E, Donohue KE, Dovc P, Eberlein A, Fitzsimmons<br \/>\nCJ, Franzin AM, Garcia GR, Genini S, Gladney CJ, Grant JR, Greaser ML, Green JA,<br \/>\nHadsell DL, Hakimov HA, Halgren R, Harrow JL, Hart EA, Hastings N, Hernandez M,<br \/>\nHu ZL, Ingham A, Iso-Touru T, Jamis C, Jensen K, Kapetis D, Kerr T, Khalil SS,<br \/>\nKhatib H, Kolbehdari D, Kumar CG, Kumar D, Leach R, Lee JC, Li C, Logan KM,<br \/>\nMalinverni R, Marques E, Martin WF, Martins NF, Maruyama SR, Mazza R, McLean KL,<br \/>\nMedrano JF, Moreno BT, Mor\u00e9 DD, Muntean CT, Nandakumar HP, Nogueira MF, Olsaker<br \/>\nI, Pant SD, Panzitta F, Pastor RC, Poli MA, Poslusny N, Rachagani S, Ranganathan<br \/>\nS, Razpet A, Riggs PK, Rincon G, Rodriguez-Osorio N,\u00a0<strong>Rodriguez-Zas SL<\/strong>, Romero NE,<br \/>\nRosenwald A, Sando L, Schmutz SM, Shen L, Sherman L, Southey BR, Lutzow YS,<br \/>\nSweedler JV, Tammen I, Telugu BP, Urbanski JM, Utsunomiya YT, Verschoor CP,<br \/>\nWaardenberg AJ, Wang Z, Ward R, Weikard R, Welsh TH Jr, White SN, Wilming LG,<br \/>\nWunderlich KR, Yang J, Zhao FQ.<br \/>\n<a href=\"http:\/\/www.sciencemag.org\/content\/324\/5926\/522\" target=\"_ balnk\" rel=\"noopener noreferrer\">The genome sequence of taurine cattle: a window to ruminant biology and evolution<\/a>.<br \/>\nScience. 2009 Apr 24;324(5926):522-8. doi: 10.1126\/science.1169588. PubMed PMID: 19390049; PubMed Central PMCID: PMC2943200.\n","protected":false},"excerpt":{"rendered":"Related Materials Sandra Rodriguez-Zas, PhD, Professor Co-Project Director University of Illinois Manuscripts Akbar H, Cardoso FC, Meier S, Burke C, McDougall S, Mitchell M, Walker C,\u00a0Rodriguez-Zas SL, Everts RE, Lewin HA, Roche JR, Loor JJ. Postpartal subclinical endometritis alters transcriptome profiles in liver and adipose tissue of dairy cows. Bioinform Biol Insights. 2014 Feb 19;8:45-63.&hellip;","protected":false},"author":8,"featured_media":0,"parent":0,"menu_order":0,"comment_status":"closed","ping_status":"closed","template":"","meta":{"footnotes":""},"class_list":["post-106","page","type-page","status-publish","hentry"],"yoast_head":"<!-- This site is optimized with the Yoast SEO plugin v27.3 - https:\/\/yoast.com\/product\/yoast-seo-wordpress\/ -->\n<title>Sandra Rodriquez-Zas - DCR<\/title>\n<meta name=\"robots\" content=\"index, follow, max-snippet:-1, max-image-preview:large, max-video-preview:-1\" \/>\n<link rel=\"canonical\" href=\"https:\/\/agsci.colostate.edu\/dcr\/sandra-rodriquez-zas\/\" \/>\n<meta property=\"og:locale\" content=\"en_US\" \/>\n<meta property=\"og:type\" content=\"article\" \/>\n<meta property=\"og:title\" content=\"Sandra Rodriquez-Zas - DCR\" \/>\n<meta property=\"og:url\" content=\"https:\/\/agsci.colostate.edu\/dcr\/sandra-rodriquez-zas\/\" \/>\n<meta property=\"og:site_name\" content=\"DCR\" \/>\n<meta name=\"twitter:card\" content=\"summary_large_image\" \/>\n<script type=\"application\/ld+json\" class=\"yoast-schema-graph\">{\"@context\":\"https:\\\/\\\/schema.org\",\"@graph\":[{\"@type\":\"WebPage\",\"@id\":\"https:\\\/\\\/agsci.colostate.edu\\\/dcr\\\/sandra-rodriquez-zas\\\/\",\"url\":\"https:\\\/\\\/agsci.colostate.edu\\\/dcr\\\/sandra-rodriquez-zas\\\/\",\"name\":\"Sandra Rodriquez-Zas - DCR\",\"isPartOf\":{\"@id\":\"https:\\\/\\\/agsci.colostate.edu\\\/dcr\\\/#website\"},\"datePublished\":\"2019-05-03T15:46:45+00:00\",\"breadcrumb\":{\"@id\":\"https:\\\/\\\/agsci.colostate.edu\\\/dcr\\\/sandra-rodriquez-zas\\\/#breadcrumb\"},\"inLanguage\":\"en-US\",\"potentialAction\":[{\"@type\":\"ReadAction\",\"target\":[\"https:\\\/\\\/agsci.colostate.edu\\\/dcr\\\/sandra-rodriquez-zas\\\/\"]}]},{\"@type\":\"BreadcrumbList\",\"@id\":\"https:\\\/\\\/agsci.colostate.edu\\\/dcr\\\/sandra-rodriquez-zas\\\/#breadcrumb\",\"itemListElement\":[{\"@type\":\"ListItem\",\"position\":1,\"name\":\"Home\",\"item\":\"https:\\\/\\\/agsci.colostate.edu\\\/dcr\\\/\"},{\"@type\":\"ListItem\",\"position\":2,\"name\":\"Sandra Rodriquez-Zas\"}]},{\"@type\":\"WebSite\",\"@id\":\"https:\\\/\\\/agsci.colostate.edu\\\/dcr\\\/#website\",\"url\":\"https:\\\/\\\/agsci.colostate.edu\\\/dcr\\\/\",\"name\":\"DCR\",\"description\":\"Just another College of Agricultural Sciences site\",\"potentialAction\":[{\"@type\":\"SearchAction\",\"target\":{\"@type\":\"EntryPoint\",\"urlTemplate\":\"https:\\\/\\\/agsci.colostate.edu\\\/dcr\\\/?s={search_term_string}\"},\"query-input\":{\"@type\":\"PropertyValueSpecification\",\"valueRequired\":true,\"valueName\":\"search_term_string\"}}],\"inLanguage\":\"en-US\"}]}<\/script>\n<!-- \/ Yoast SEO plugin. -->","yoast_head_json":{"title":"Sandra Rodriquez-Zas - DCR","robots":{"index":"index","follow":"follow","max-snippet":"max-snippet:-1","max-image-preview":"max-image-preview:large","max-video-preview":"max-video-preview:-1"},"canonical":"https:\/\/agsci.colostate.edu\/dcr\/sandra-rodriquez-zas\/","og_locale":"en_US","og_type":"article","og_title":"Sandra Rodriquez-Zas - DCR","og_url":"https:\/\/agsci.colostate.edu\/dcr\/sandra-rodriquez-zas\/","og_site_name":"DCR","twitter_card":"summary_large_image","schema":{"@context":"https:\/\/schema.org","@graph":[{"@type":"WebPage","@id":"https:\/\/agsci.colostate.edu\/dcr\/sandra-rodriquez-zas\/","url":"https:\/\/agsci.colostate.edu\/dcr\/sandra-rodriquez-zas\/","name":"Sandra Rodriquez-Zas - DCR","isPartOf":{"@id":"https:\/\/agsci.colostate.edu\/dcr\/#website"},"datePublished":"2019-05-03T15:46:45+00:00","breadcrumb":{"@id":"https:\/\/agsci.colostate.edu\/dcr\/sandra-rodriquez-zas\/#breadcrumb"},"inLanguage":"en-US","potentialAction":[{"@type":"ReadAction","target":["https:\/\/agsci.colostate.edu\/dcr\/sandra-rodriquez-zas\/"]}]},{"@type":"BreadcrumbList","@id":"https:\/\/agsci.colostate.edu\/dcr\/sandra-rodriquez-zas\/#breadcrumb","itemListElement":[{"@type":"ListItem","position":1,"name":"Home","item":"https:\/\/agsci.colostate.edu\/dcr\/"},{"@type":"ListItem","position":2,"name":"Sandra Rodriquez-Zas"}]},{"@type":"WebSite","@id":"https:\/\/agsci.colostate.edu\/dcr\/#website","url":"https:\/\/agsci.colostate.edu\/dcr\/","name":"DCR","description":"Just another College of Agricultural Sciences site","potentialAction":[{"@type":"SearchAction","target":{"@type":"EntryPoint","urlTemplate":"https:\/\/agsci.colostate.edu\/dcr\/?s={search_term_string}"},"query-input":{"@type":"PropertyValueSpecification","valueRequired":true,"valueName":"search_term_string"}}],"inLanguage":"en-US"}]}},"_links":{"self":[{"href":"https:\/\/agsci.colostate.edu\/dcr\/wp-json\/wp\/v2\/pages\/106","targetHints":{"allow":["GET"]}}],"collection":[{"href":"https:\/\/agsci.colostate.edu\/dcr\/wp-json\/wp\/v2\/pages"}],"about":[{"href":"https:\/\/agsci.colostate.edu\/dcr\/wp-json\/wp\/v2\/types\/page"}],"author":[{"embeddable":true,"href":"https:\/\/agsci.colostate.edu\/dcr\/wp-json\/wp\/v2\/users\/8"}],"replies":[{"embeddable":true,"href":"https:\/\/agsci.colostate.edu\/dcr\/wp-json\/wp\/v2\/comments?post=106"}],"version-history":[{"count":2,"href":"https:\/\/agsci.colostate.edu\/dcr\/wp-json\/wp\/v2\/pages\/106\/revisions"}],"predecessor-version":[{"id":108,"href":"https:\/\/agsci.colostate.edu\/dcr\/wp-json\/wp\/v2\/pages\/106\/revisions\/108"}],"wp:attachment":[{"href":"https:\/\/agsci.colostate.edu\/dcr\/wp-json\/wp\/v2\/media?parent=106"}],"curies":[{"name":"wp","href":"https:\/\/api.w.org\/{rel}","templated":true}]}}